t the prime factors of (-1 - -3)*33/w.
3, 11
Let r be ((-8)/3 - -2)*6. Let f be (-3)/(r/1 + 3). Suppose -f*v + 12 = t + v, 5*v = -20. What are the prime factors of t?
2, 7
Let a(b) = 5*b**2 - 4*b - 5. Let d(r) = 16*r**2 - 11*r - 14. Let n(k) = -17*a(k) + 6*d(k). Let y = -465 + 464. What are the prime factors of n(y)?
2, 5
Let d = 1886 + 726. What are the prime factors of d?
2, 653
Let w = 18 - 8. Let a = w - 9. What are the prime factors of 3/(a/(102/9))?
2, 17
Let r(s) = -s**2 - 17*s - 16. Let a be r(-17). Let d(k) = -5*k + 11. List the prime factors of d(a).
7, 13
Suppose -70*t + 65*t + 70 = 0. Suppose 1 - 87 = -3*j + d, t = j - 4*d. What are the prime factors of j?
2, 3, 5
Suppose -w = 5*o + 19, 6*w - w - 13 = 2*o. Let p be (3/(-3) - o) + -10. List the prime factors of (-2)/p + 366/42.
3
Let j be ((-138)/15 - -4)/((-1)/5). Suppose 2*h + 5*t - t - j = 0, h = -t + 12. List the prime factors of h.
11
Let s(u) = 13*u**2 + 16*u - 27*u**2 + 37*u**2. List the prime factors of s(-3).
3, 53
Let h = 78 + -76. List the prime factors of (h/(-5))/(((-14)/20)/7).
2
Let z(m) = -m**3 - 3*m**2 + m - 3. Let w be z(-3). List the prime factors of w/4*2 - -142.
139
Let f = -460 - -702. What are the prime factors of f?
2, 11
Let g(f) = 2463*f**2 - 2*f - 1. Let v(m) = -7390*m**2 + 6*m + 3. Let s(u) = -17*g(u) - 6*v(u). Let w be s(-1). What are the prime factors of (-3)/4 - w/(-40)?
61
Suppose 77 = 8*i - i. Let g(w) = -w**3 + 13*w**2 - 19*w - 11. What are the prime factors of g(i)?
2, 11
Let x = -18 - -23. What are the prime factors of (x/10)/((-1)/(-58))?
29
Let d = -28 + 23. Let m = d - -8. List the prime factors of m.
3
Let g = -305 - -290. Let i = 1 - 2. List the prime factors of i*g*1*3.
3, 5
Let b = 1 + 3. Suppose 4*d + 4*a + 311 = 9*d, -b = a. Suppose 5*q = d - 9. What are the prime factors of q?
2, 5
Suppose 2*g = -3*a + 217, 4*g - 4*a + 159 = 623. List the prime factors of g.
113
Suppose 0 = -2*s, 0*s = -2*w - 3*s + 8. Suppose -w*g - m + 97 = -156, -2*m = -g + 52. What are the prime factors of g?
2, 31
Suppose 2*g = 2*r - 379 - 211, 0 = -2*g + 2. Let k = r + -55. What are the prime factors of k?
241
Let i(w) = -w + 2. Let j be i(-4). Suppose -j*p = -13*p + 427. What are the prime factors of p?
61
Let a(g) = 4 + 0 - 167*g + 163*g + 4*g**2. Suppose 3 + 6 = 3*l. What are the prime factors of a(l)?
2, 7
Let r(d) = 11*d**2 + 13*d - 14. Let h(u) = -5*u**2 - 6*u + 7. Let t(a) = -9*h(a) - 4*r(a). Let y = 10 + -5. What are the prime factors of t(y)?
2, 7
Suppose -4*k + 0*k = 324. Let u = k + 255. List the prime factors of u.
2, 3, 29
Let p = -1058 - -3210. List the prime factors of p.
2, 269
Let q = -137 - -351. List the prime factors of q.
2, 107
Suppose 3*q + 63 = 3*v + 171, -4 = -q. List the prime factors of -3*10/6*(3 + v).
5, 29
Suppose -3 + 0 = -g. Suppose 4 = -g*a - 2. What are the prime factors of (-88)/(-2 + a) + -1?
3, 7
Let d(l) = -l**2 - 2*l + 3. Let z be d(-3). Suppose n - 4*h + 24 = 5*n, 2*n - h - 3 = z. What are the prime factors of 74/n + (-4)/6?
2, 3
Let r(k) = -k**2 + 4*k - 7. Let a be r(7). Let j = a + -88. What are the prime factors of (j/10)/((-10)/25)?
29
Suppose o + 5*a - 5115 = 0, -4*o + 5099 = -3*o - 3*a. List the prime factors of o.
5, 1021
Let w(i) = 20*i**2 - 2*i + 1. Let v(f) = 3*f**2 - 5*f + 3. Let a be v(2). Suppose -g = -a*d - 4 - 12, d + 5 = 2*g. List the prime factors of w(g).
19
Let f = 2586 - 1228. List the prime factors of f.
2, 7, 97
Let n = -25 - 42. Let l = -23 - n. What are the prime factors of l?
2, 11
Let c = -304 - -804. What are the prime factors of c?
2, 5
Let l = 29 - 20. Suppose l*d - 8*d = 0. Suppose k - 21 + 5 = d. List the prime factors of k.
2
Suppose 36 = -h + 5*h + 4*v, -5*h + 10 = -2*v. Suppose h*a = 5*x - 87, 3*a = 5*x + 2 - 91. What are the prime factors of x?
19
Let m(c) = -c**3 - 7*c**2 + 5. Let d be m(-7). Suppose -5*v + d*s = 70, s = -4*v + 3*s - 58. Let y = v - -27. What are the prime factors of y?
2, 3
Let g(w) = w**3 + 15*w**2 - 3*w + 5. Let d = -84 - -80. List the prime factors of g(d).
193
Let o(n) = -2*n**2 - 3*n + 3. Let t be o(-3). List the prime factors of (t/(-2) + -4)*-39.
3, 13
Let i(b) = b**3 + 7*b**2 - 8*b - 11. Let t be i(-8). Let y = 12 + t. What are the prime factors of -4*y/2 - -17?
3, 5
Let k = 46 + -42. Suppose -i - 4*t + 130 = 0, 5*i = -t - k*t + 590. List the prime factors of i.
2, 3, 19
Let t(c) = c**2 + 2*c + 1. Let s be t(-1). Suppose -3*o - y + 3*y + 242 = s, 86 = o - 2*y. What are the prime factors of 1/(-2 - o/(-38))?
19
Let a = -2975 + 4962. List the prime factors of a.
1987
Let i(g) = 3*g + 14. Let p be i(12). Let n = p - -3. What are the prime factors of n?
53
Let d = -48 + 45. List the prime factors of 6/(-4) + 135/6 + d.
2, 3
Let t be (-509)/(-2) - 17/34. Let g = 10 - t. List the prime factors of 1/(-2)*g/2.
61
Let l(r) = 12 - 12 + 10*r**2 - 9*r - 5. Let b be l(-4). Suppose -s - b = -4*c, 2*c + 0*s - s = 97. List the prime factors of c.
47
Suppose -j + 18 = -3*m - 54, 0 = -5*j - 3*m + 324. Suppose j = k + k. Suppose 4*b - 5*q + 2*q - 153 = 0, b + q = k. List the prime factors of b.
2, 3
Suppose 15*l - 3*l = 3324. List the prime factors of l.
277
Let c be (2 + (-9)/6)*0. Suppose j - 6 = -2*j + 2*d, -4*j - 5*d - 15 = c. Suppose -3*r = -j*r - 90. List the prime factors of r.
2, 3, 5
Suppose -64*g = -56*g - 15824. List the prime factors of g.
2, 23, 43
Let f(t) be the third derivative of t**6/120 + t**5/60 + t**4/6 - t**3/6 - 2*t**2. Let u(y) be the first derivative of f(y). List the prime factors of u(3).
37
Let c = -989 + 1667. List the prime factors of c.
2, 3, 113
Let h(q) = 2*q**3 - 8*q**2 - 2. Let a be 2/(2/12 - 9/(-54)). What are the prime factors of h(a)?
2, 71
Suppose k + 4*x = 1297, -3*k + 2*x = -4*k + 1287. What are the prime factors of k?
1277
Let d(u) be the second derivative of -18*u**2 + u**3 - u + 11*u**2 + 3*u**2. What are the prime factors of d(7)?
2, 17
Suppose -2*y - 2 = 4*u + 2, -y + 3*u + 8 = 0. Suppose -1 + y = f. Suppose 0 = a - 2 - f. List the prime factors of a.
3
Suppose -4*i + 3*k = i - 35, -4*i + 1 = 3*k. Let w be (-1)/(i + (-34)/8). List the prime factors of (2/w)/(5/330).
3, 11
Let c(d) be the first derivative of -d**3/3 + 4*d**2 - 11*d - 6. Let k be c(9). What are the prime factors of (46/(-10))/(4/k)?
23
Suppose 564 = 2*n - 28. Suppose 5 = -5*w - 0, 5*t + 4*w = n. Let u = 89 - t. List the prime factors of u.
29
Suppose q + 359 = 1123. What are the prime factors of q?
2, 191
Let q = -11 + 19. Let o(n) = 2*n**2 + 4*n - 2. Let b be o(q). Suppose -5*i + 448 = b. List the prime factors of i.
2, 29
Suppose 9039 = 10*y - 15921. List the prime factors of y.
2, 3, 13
Let c = -60 - -66. Suppose 0 = -2*z, c*z = 3*h + 2*z - 261. What are the prime factors of h?
3, 29
Suppose -4*u + 0*h + 50 = 2*h, 48 = 3*u + 5*h. Suppose 0 = 5*g - 1 + 6. Let w = u + g. What are the prime factors of w?
2, 5
Let s = -70 - -28. List the prime factors of 7/4*(26 - s).
7, 17
Let q = 23 + -21. Let g be (-3)/q*2*-13. Let w = g + -28. List the prime factors of w.
11
Suppose 2*a = -2*x + 28, -x = -a - 3*a + 31. Let u = 11 - a. List the prime factors of (16/(-24))/(u/(-33)).
11
Let f = -329 + 232. Let u = f + 160. List the prime factors of u.
3, 7
Suppose -2*j + 10 = -f - 5, -3*j = -12. Let s(p) = p**2 + 7*p + 4. Let u be s(f). Suppose -u*b = -2*b - 82. List the prime factors of b.
41
Let m(s) = 5*s**2 - 2*s - 2. Let o(l) = -6*l**2 + 3*l + 3. Let c(w) = 5*m(w) + 4*o(w). Let p be c(-2). Suppose 5*k = p*k + 198. List the prime factors of k.
2, 3, 11
Let y = 35 + -33. Suppose y*v - 2*r - 72 = 0, 8*r - 3*r = 2*v - 69. List the prime factors of v.
37
Let k(g) = 1304*g**3 - 1. Let d be k(-1). List the prime factors of d/(-20) + 1/(-3 - 1).
5, 13
List the prime factors of (-1 - -3)*4020/24.
5, 67
Let r(w) = 2*w**3 - 41*w**2 + 20*w + 9. What are the prime factors of r(20)?
3
Suppose -15 + 11 = -4*u. List the prime factors of (-2*u/6)/((-6)/288).
2
Let n(o) = -o**3 + o**2 + 3. Let k be n(0). Suppose 0 = z + 4*q - 20, 0 = -4*z + z + k*q. Suppose -z*s = -5*s + 14. List the prime factors of s.
2, 7
Let r(u) = -u**3 - 2*u**2 - 7*u - 11. Let s be r(-5). Suppose -s = -4*m + m. What are the prime factors of m?
3, 11
Let f(s) = 12*s**2 + 9*s - 11. List the prime factors of f(7).
2, 5
Let i = 4